6072?
2
What is the hundreds digit of 671576?
5
What is the units digit of 6670?
0
What is the hundred thousands digit of 5534391?
5
What is the tens digit of 363139?
3
What is the millions digit of 7417833?
7
What is the thousands digit of 2481767?
1
What is the hundreds digit of 581326?
3
What is the hundreds digit of 55562?
5
What is the units digit of 980467?
7
What is the thousands digit of 1030617?
0
What is the millions digit of 5763369?
5
What is the units digit of 1312888?
8
What is the hundreds digit of 89452?
4
What is the hundred thousands digit of 237224?
2
What is the thousands digit of 221598?
1
What is the hundreds digit of 1802778?
7
What is the hundreds digit of 1008760?
7
What is the hundreds digit of 129420?
4
What is the units digit of 19447697?
7
What is the tens digit of 239973?
7
What is the tens digit of 982626?
2
What is the hundreds digit of 2769720?
7
What is the millions digit of 4634788?
4
What is the thousands digit of 8578151?
8
What is the thousands digit of 342889?
2
What is the tens digit of 9879093?
9
What is the tens digit of 238031?
3
What is the ten thousands digit of 2714130?
1
What is the ten thousands digit of 5131172?
3
What is the ten millions digit of 22875884?
2
What is the hundred thousands digit of 3941670?
9
What is the tens digit of 5764427?
2
What is the thousands digit of 31009222?
9
What is the hundreds digit of 147513?
5
What is the units digit of 1398041?
1
What is the ten thousands digit of 27350624?
5
What is the thousands digit of 1793501?
3
What is the millions digit of 4120364?
4
What is the millions digit of 2504957?
2
What is the hundreds digit of 3739825?
8
What is the hundreds digit of 1903840?
8
What is the tens digit of 4946057?
5
What is the ten millions digit of 12950880?
1
What is the millions digit of 1551606?
1
What is the units digit of 1285422?
2
What is the thousands digit of 867358?
7
What is the tens digit of 626502?
0
What is the tens digit of 233525?
2
What is the units digit of 3193489?
9
What is the tens digit of 7749695?
9
What is the ten thousands digit of 880112?
8
What is the units digit of 32580851?
1
What is the ten thousands digit of 806129?
0
What is the ten thousands digit of 2473453?
7
What is the tens digit of 393123?
2
What is the ten thousands digit of 2194970?
9
What is the ten thousands digit of 251337?
5
What is the tens digit of 34957067?
6
What is the units digit of 211404?
4
What is the ten thousands digit of 791754?
9
What is the hundreds digit of 7279393?
3
What is the thousands digit of 76667?
6
What is the hundred thousands digit of 341871?
3
What is the millions digit of 2972816?
2
What is the units digit of 175621?
1
What is the tens digit of 2303018?
1
What is the hundreds digit of 301703?
7
What is the hundreds digit of 269128?
1
What is the millions digit of 8548280?
8
What is the tens digit of 4486606?
0
What is the ten thousands digit of 114658?
1
What is the thousands digit of 305277?
5
What is the hundred thousands digit of 375072?
3
What is the thousands digit of 18707583?
7
What is the thousands digit of 330660?
0
What is the thousands digit of 5832627?
2
What is the thousands digit of 69055?
9
What is the hundreds digit of 59658?
6
What is the tens digit of 4577402?
0
What is the millions digit of 38922005?
8
What is the hundreds digit of 16782955?
9
What is the hundred thousands digit of 262884?
2
What is the tens digit of 165304?
0
What is the ten thousands digit of 56344?
5
What is the units digit of 700709?
9
What is the ten thousands digit of 2108657?
0
What is the units digit of 2078987?
7
What is the thousands digit of 8429086?
9
What is the thousands digit of 337458?
7
What is the tens digit of 5185415?
1
What is the thousands digit of 1326524?
6
What is the thousands digit of 926677?
6
What is the tens digit of 20988999?
9
What is the ten thousands digit of 3991265?
9
What is the thousands digit of 5306745?
6
What is the ten thousands digit of 16595298?
9
What is the thousands digit of 12061273?
1
What is the thousands digit of 927989?
7
What is the hundreds digit of 168411?
4
What is the hundred thousands digit of 3460151?
4
What is the units digit of 388946?
6
What is the thousands digit of 580138?
0
What is the units digit of 64249?
9
What is the units digit of 747014?
4
What is the thousands digit of 2693585?
3
What is the thousands digit of 385864?
5
What is the hundred thousands digit of 817387?
8
What is the thousands digit of 108815?
8
What is the hundreds digit of 876383?
3
What is the tens digit of 175571?
7
What is the hundreds digit of 1585812?
8
What is the thousands digit of 64306?
4
What is the hundred thousands digit of 922096?
9
What is the units digit of 4715134?
4
What is the thousands digit of 16267331?
7
What is the tens digit of 8516898?
9
What is the ten thousands digit of 710008?
1
What is the hundreds digit of 65162?
1
What is the millions digit of 14096687?
4
What is the units digit of 7242275?
5
What is the ten thousands digit of 729482?
2
What is the hundreds digit of 82666?
6
What is the hundreds digit of 2505905?
9
What is the thousands digit of 172455?
2
What is the units digit of 66927?
7
What is the hundreds digit of 28430581?
5
What is the ten thousands digit of 4333911?
3
What is the thousands digit of 198151?
8
What is the ten thousands digit of 5849677?
4
What is the millions digit of 1017462?
1
What is the thousands digit of 12533350?
3
What is the hundred thousands digit of 432267?
4
What is the units digit of 7410021?
1
What is the thousands digit of 383895?
3
What is the hundred thousands digit of 6533993?
5
What is the hundreds digit of 2904?
9
What is the thousands digit of 16412?
6
What is the tens digit of 485014?
1
What is the ten thousands digit of 80999?
8
What is the hundreds digit of 1906074?
0
What is the ten thousands digit of 9604944?
0
What is the ten thousands digit of 650444?
5
What is the tens digit of 25159591?
9
What is the tens digit of 13268?
6
What is the millions digit of 1121389?
1
What is the tens digit of 18908888?
8
What is the millions digit of 3487123?
3
What is the tens digit of 1629267?
6
What is the ten thousands digit of 1377030?
7
What is the units digit of 1311331?
1
What is the ten thousands digit of 866872?
6
What is the units digit of 100893?
3
What is the ten thousands digit of 1674295?
7
What is the thousands digit of 11256888?
6
What is the thousands digit of 7196934?
6
What is the hundreds digit of 5773933?
9
What is the ten thousands digit of 63616?
6
What is the ten thousands digit of 109894?
0
What is the units digit of 6590299?
9
What is the units digit of 577221?
1
What is the units digit of 912997?
7
What is the thousands digit of 1411024?
1
What is the tens digit of 9427454?
5
What is the hundred thousands digit of 3950848?
9
What is the hundred thousands digit of 420413?
4
What is the ten thousands digit of 223686?
2
What is the hundred thousands digit of 2427079?
4
What is the hundred thousands digit of 1227888?
2
What is the tens digit of 939608?
0
What is the hundreds digit of 245834?
8
What is the thousands digit of 1332846?
2
What is the hundreds digit of 256159?
1
What is the thousands digit of 194788?
4
What is the units digit of 34396?
6
What is the ten thousands digit of 928351?
2
What is the hundreds digit of 193331?
3
What is the units digit of 3439125?
5
What is the units digit of 386301?
1
What is the units digit of 16473534?
4
What is the units digit of 574239?
9
What is the units digit of 471122?
2
What is the tens digit of 20839435?
3
What is the tens digit of 5296087?
8
What is the ten thousands digit of 1851484?
5
What is the ten thousands digit of 82107?
8
What is the thousands digit of 7754376?
4
What is the ten thousands digit of 12099208?
9
What is the hundreds digit of 9001?
0
What is the tens digit of 3112999?
9
What is the tens digit of 13065155?
5
What is the hundreds digit of 160003?
0
What is the hundred thousands digit of 937268?
9
What is the tens digit of 987692?
9
What is the tens digit of 189613?
1
What is the hundreds digit of 546878?
8
What is the hundreds digit of 4380237?
2
What is the hundred thousands digit of 3088023?
0
What is the units digit of 8763083?
3
What is the thousands digit of 2